 + 2?
89
Calculate 16 - (-11 + -19 + 40).
6
Calculate 3 + 5 - (13 + -17) - 0 - 2.
10
104 - (-29 - ((171 - 154) + (-35 - 2)))
113
Evaluate 33 + 1 + 27 + -50.
11
-74 - (-17 + -34) - -40
17
What is (18 - -28 - 94) + 101?
53
What is -257 - -189 - (-65 + -5)?
2
What is -3 + 11 + -115 + 71?
-36
What is the value of -1 - (-34 + 23 - (2 - 2))?
10
What is -3 + (0 - 8) - (-2 + 3 - 12 - 34)?
34
What is -6 + 11 - (-16 + 30 + -1 + (-10 - 1))?
3
What is 21 + -30 + (-24 - -3)?
-30
Evaluate 31 + 19 + -39 + -9 - -16.
18
12 + (-20 - (21 - (-10 - -30))) - (-105 - 0)
96
-9 + 8 + 46 - (-6 - -34)
17
(-29 - (-57 + 62)) + (0 - (0 + 9))
-43
Evaluate -18 - (8 + 7 + (50 - 116)).
33
Evaluate (2 - (60 - -2)) + -103 + 125.
-38
Calculate (-104 - (99 + -171)) + -44.
-76
Calculate -7 + -6 + 2 + 27 + -17 + 15.
14
What is the value of (4 - 5 - 2) + (-8 - (22 - -1))?
-34
1 + 34 + (-49 - (-129 - -70))
45
What is the value of -53 - -4 - (176 - 117) - -34?
-74
Calculate (36 - 57 - 10 - -72) + -63.
-22
Evaluate -77 - (66 + -63 - (-5 + 17)).
-68
62 + -5 - ((47 - 51) + 4)
57
What is (-81 - (-32 + 33)) + (-12 + 6 - (4 + -2))?
-90
What is the value of -8 - ((7 - (-4 + 19) - (-4 - 34)) + 1)?
-39
44 + -2 - ((-4 - -18) + -9 + -4)
41
Evaluate (40 - (-68 - -35)) + -2 - 19.
52
Calculate 13 + 1 + (-18 - -17 - 19) + 34.
28
What is (-1 - 88) + (-3533 - -3534)?
-88
What is -100 - (103 - 12) - -86?
-105
Evaluate -27 + 23 + 3 + -34.
-35
What is 1 + 18 + (7 + -1 + -10 - 4)?
11
What is the value of -75 - ((91 - 5) + -186)?
25
What is -2 + 1 + 31 + -6 + (-7 + 17 - 7)?
27
What is 14 - ((12 - 13) + -8 + 5)?
18
Calculate -44 + 70 + (-31 - -8 - -7) + -121.
-111
Calculate 1 + -17 + (23 + -24 + 0 - 19).
-36
Evaluate 0 + -27 + -66 + 12 + 57.
-24
Calculate (28 - 54) + 4 + 2 + 0.
-20
-1 + (380 + -332 - (-5 + 141))
-89
What is 32 + 22 + 0 + -59?
-5
Calculate -4 + 24 - (-28 + 25 + 12).
11
Evaluate -1 + -6 + (8 + 55 + (-1 - 7) - 15).
33
106 - (-41 - (-34 - (8 + 9)))
96
-262 + 270 + (-5 - -1) + -40
-36
What is (75 - -3) + -49 + -29?
0
4 + (14 - 10) - (3 + -2 + (1 - 23))
29
What is -194 - -93 - (3 - 115)?
11
What is -117 - (58 + (-28 - 66))?
-81
What is (-2 + -1 - -1) + (104 + -52 - 48) + 63?
65
What is the value of -24 + 18 + -15 + 54 + -8?
25
What is -31 - -10 - (158 + -144)?
-35
(-77 + 101 - (4 + (-2 - -1))) + -15 - -9
15
14 - (-1 + -3) - (41 + -40 - (-6 - -1))
12
Calculate (270 + -288 - (1 + -33)) + 0 + -2 + -5.
7
Evaluate -24 + 33 + (2 - -8).
19
Calculate (-46 - (4 - 9)) + 62 + -41.
-20
Evaluate -1 - 0 - 8 - (9 + -41 + 21 + -1).
3
Calculate 1 + -118 + (528 - 186 - 299).
-74
Calculate -1 - (-1 + -5) - (-290 - -280).
15
What is (61 - 5) + -1217 + 1188?
27
What is 0 - (-4 - (15 + (1 + 8 - 8)))?
20
Evaluate 10 + 9 + 37 + (-47 - -25).
34
Calculate (130 - 149) + -3 + -3 - (2 + -131).
104
What is the value of 12 + 18 + (-27 - -10) - (-26 + 0)?
39
Evaluate -12 - ((-37 - -18) + 18) - (-4 + 1) - 14.
-22
What is the value of 46 + 1 + -14 + (-130 - -151) + -7?
47
What is the value of -85 - ((-3 - 44) + -2)?
-36
Evaluate 0 + -1 + -2526 + 2567.
40
What is 138 + (-79 + 115 - 149)?
25
-34 + -8 - (-145 + 72)
31
((43 - -11) + -24 - 39) + 68
59
Evaluate 1 + -20 + -13 + 103 + -25.
46
What is 5 + (-3 - 3) + (43 - (155 - 30))?
-83
What is the value of 24 + 20 + (37 - 57)?
24
What is the value of 10 - (18 + 5 + -19) - (2 + (-4 - -51))?
-43
Evaluate 5 - (((-230 - -241) + 0 + -18 - 2) + -81).
95
Evaluate (-41 - (59 + -122)) + (71 - 9).
84
Calculate (48 - (-48 - -3)) + -40.
53
Calculate 132 - 173 - (-15 - 33).
7
Evaluate (-1 - -19) + 4355 + -4333.
40
Evaluate -2 + 0 + 34 + -16 + (-2 - -9).
23
Calculate (26 - (-10 - -13)) + -33.
-10
Evaluate (0 - -1) + 2 + (-409 - -403 - -117).
114
Evaluate 7 + 4 + (10 - 18) + (-122 - (31 + -31)).
-119
What is the value of 85 - (-82 + 143 + 80)?
-56
(1 - (-2 - -2)) + -9 - (4300 - 4295) - 124
-137
What is the value of 75 + -31 + -14 + -25 + -86?
-81
What is the value of (1 - (-24 - -5)) + 13 + 5?
38
What is -5 + 1 + (17 + 1 - (-311 + 309))?
16
Evaluate (216 - 221 - ((-3 - 0) + 11 + -9)) + 4.
0
What is the value of (-154 - -136) + (1 + 1 - (3 + 0 - -5))?
-24
(-3 - -41 - (85 + -92)) + 2 + -9 + 12
50
Calculate 10 + 2 + 20 + (-25 - -23).
30
What is 33 + -51 + 12 - -22?
16
What is (121 - 3) + (-14 - (26 + (-53 - -9)))?
122
4 + (17 + -3 + 4 - 18)
4
What is -10 + (21 - 11) - (2 - -6 - 3 - -6)?
-11
What is the value of (2 - 2 - 29 - -2) + 902 + -890?
-15
What is the value of 41 + 20 + (-39 - (8 + (-9 - 4)))?
27
What is 10 - (62 - (-2 + 1) - (-20 + (-39 - -62)))?
-50
What is the value of (-10 - -37) + -2 + (4 - (-22 + 6))?
45
What is the value of 29 - 76 - -17 - 37 - (-26 - -3)?
-44
Evaluate -3 + (-7 - (-14 + 18)) + 26 + 5.
17
Evaluate (28 - -15) + (84 - 91) + -1 + 1.
36
Evaluate (-8 + -2 - 1) + (59 - (11 + -3 + -7)).
47
What is the value of (-131 - -41 - -71) + -25?
-44
7 + (5 - 4 - -2) - (5 - (-24 + -51))
-70
Evaluate (-1 - -14) + 55 + -23 + -41 + 57.
61
Calculate (27 - (29 + 14)) + 30 + 27.
41
Calculate 5 + -18 + 14 - 44 - 45.
-88
What is the value of -6 + 8 + 0 + 2 + -27 + (19 - -5)?
1
Calculate (0 - 1 - (18 + -9 + 40)) + (-4 - -4).
-50
Evaluate 3 + -155 - (110 + -91 + -56).
-115
What is the value of 96 + -4 - (-324 + 330)?
86
What is (-1 + 0 - -8) + (26 - (26 + -30 + -4))?
41
70 + -1 + 5445 + -5425
89
Calculate (10 - 22) + 93 - 43.
38
Evaluate (-87 - 0 - (-5 + 0 + 6)) + -130 + 121.
-97
What is 34 - (-42 + 23) - 70?
-17
What is the value of (-16 - (21 - 44)) + (0 - -4) + -16 + 2?
-3
1 - (46 - (16 + (-21 - -7) - (0 - -11)))
-54
Calculate -45 + 8 + (-12 - 13 - -12 - -21).
-29
What is 30 - (0 + 3 + -15 - (-43 + 37 - 4))?
32
-11 + -30 + -8 + (12 - 1)
-38
What is (-10 - 0) + 74 + -45 + -46?
-27
What is -30 + (12 - 3 - (-18 - -21 - 5))?
-19
Evaluate -7 + (17 - (-2 - -16)) - (1 + 34).
-39
Calculate (173 - 197) + (20 - (3 + 1)).
-8
What is -25 + -70 + 43 - -48?
-4
Evaluate 18 - 0 - (0 - (-50 - -16)) - (-116 + -2).
102
Evaluate -16 + (67 - 19) - 59.
-27
Calculate (-1651 - -1644) + 3 + (-2 - 0 - -5).
-1
(-18 + 33 + 1 - 15 - 4) + 61
58
Evaluate (7 - (1 + 2)) + -48 - ((-81 - -50) + 36).
-49
What is (-301 - -303) + 42 + 82 + -1?
125
What is -18 + 1 - (-65 - -50 - 6)?
4
What is (215 - 309) + 130 + -10?
26
What is (36 + -85 - 14) + 64?
1
What is the value of 60 - (-31 + 31 - -71)?
-11
Calculate -33 + (1 + 7 + 5 - 37 - -10).
-47
Calculate -8 + (7 + -1 - (72 + (-1 - 8))).
-65
What is the value of (-13 - (13 - 49 - -30)) + 2 + 13?
8
(2 + 32 + -2 - (-2153 - -2138)) + (-7 - -2)
42
Calculate (3 - 23 - (6 - 11)) + 6 - (-47 - 6).
44
What is the value of 22 + (-1 - -3) + (66 - (-19 - -75))?
34
What is the value of (153 - 14 - 15 - 18) + (-1 - -16)?
121
What is (-10 - 77 - -84) + 130?
127
-2 + 44 + (350 - 385)
7
What is -8 - (-25 + 0 - (-16 - -2))?
3
Evaluate -72 + 79 - (75 + -13 + -6).
-49
(-4 + 5 - (-26 + -21 + -67)) + -19
96
Evaluate -9 - (-20 + -17) - (71 - -21).
-64
Evaluate 13 - (2 - (-3 + 1 + 2) - 15).
26
22 + 75 - (25 - -22)
50
1 + -16 + 11 + -96 + (-38 - -68)
-70
What is -3 - -23 - (-5 + (-2 - (8 - (-6 + 29))))?
12
What is the value of -17 + (-27 + 15 + 13 - -32)?
16
What is the value of (-32 - -11) + 0 - (-64 - (-8 - -21))?
56
Evaluate -9 + 2 + (-55 - (9 - 20) - (5 - -3)).
-59
What is the value of 53 - (4 + 6 - (-3 + 14)) - (6 + -5)?
53
What is the value of 4 + -7 + (6 + -3 - (3 + -10) - -48)?
55
Calculate (-56 - (50 - 64)) + -78 + (0 + 0 - -8).
-112
Calculate 7 + -34 + -7 - (4 + -5 + -11 - -10).
-32
What is the value of -99 - (-29 + -1 + 20 + -14)?
-75
Evaluate -290 + 103 + 21 + 9.
-157
-14 - (-28 - -13) - (4 - 0) - (-8 - -55)
-50
What is the value of (-60 - (-14 - -15)) + -25 - 2?
-88
(-6 - -2 - (11 + -25 - -1)) + (52 - -8)
69
What is the value of (14 - (32 - 6)) + (-23 - -20)?
-15
What is the value of -8 + -22 + (38 - 15) + 2 + (0 - -48)?
43
What is the value of (1 - (1 + -3)) + -20 + 313 + -350?
-54
(-126 - -15) + 70 + 3
-38
-10 - (-9 - 24 - -3) - 18
2
What is 0 + 19 - (1244 + -1266)?
41
What is the value of 18 - -29 - (-44 - -90)?
1
Evaluate 21 + (-52 - (15 + 2)) + 8.
-40
What is the value of (-75 + 44 - 43) + -4?
-78
Evaluate -324 + 274 - (-1 - 34).
-15
What is -66 + (-4 - (1 + 1) - (-99 - (101 + -201)))?
-73
-22 + (4 - (-18 - 12)) + -8
4
(156 - 197) + (33 - 1)
-9
Evaluate (-5 - -13) + (-1 - -9) - -1.
17
Calculat